n**3/3 + 9*n**2/2 - 13*n - 36. Calculate c(8).
-5
Let q(l) be the third derivative of l**4/12 - 2*l**3 + 2*l**2 + 53. Give q(8).
4
Let b(y) = y**2 - 7*y - 1. Let r = -4 + 6. Let v be 0 + 1 - (-4)/r. Suppose 0 = -v*w - w + 28. Give b(w).
-1
Let n be (-15)/3*6/(-10). Let i(t) = 4*t - 3 - t**n - 3*t - t - 4*t - 5*t**2. Let l be i(-4). Let j(c) = -c**3 - 4*c**2 - 2*c. Calculate j(l).
-3
Let q(j) = 7*j**2 - j + 1. Let c(z) be the third derivative of z**5/4 - z**4/12 + z**3/2 - 15*z**2. Let a(b) = 6*c(b) - 13*q(b). Give a(0).
5
Let z(s) = 0*s - 24 + 11 + 8 - s. Calculate z(-5).
0
Let a be 7 + (0 - 3) + -2. Let w(p) = 5*p + a + 1 - 7*p + 3*p. What is w(4)?
7
Let w(q) = -2 - 1 - 5*q - 2. Let d(x) = 11*x + 11. Let y(r) = -3*d(r) - 7*w(r). Calculate y(3).
8
Let y(h) = -h**2 + 4*h + 1. Suppose 30 = -0*i + 5*i. Suppose 2*s - 4 = i. Suppose 4*d - s*p - 7 = 3*d, -3*d + 2*p = -8. Give y(d).
5
Let p(n) = 3*n + 1. Let i(c) = 6*c - 30. Let k be i(7). Let q be (5/4)/(3/k - 0). What is p(q)?
16
Let o(x) be the second derivative of -1/2*x**2 + 0 - 20*x - 1/12*x**4 + x**3. Determine o(4).
7
Let l(c) = c**2 - 12*c + 13. Let q be (8/(128/(-12)))/((-2)/24). Give l(q).
-14
Suppose 0 = -39*u - 32*u + 710. Let n(b) = 10*b - 93. What is n(u)?
7
Let v(h) = -5 + 4*h - 6*h + 0*h - 1. What is v(9)?
-24
Let o(h) = 5*h**2 + 2*h - 3. Suppose 32 = -k + 17*k. Give o(k).
21
Let y(k) be the second derivative of -k**4/6 + k**3/6 - k. Suppose 0 = -4*q + 3*s + 4, -4*s = 0. Suppose -q + 0 = c. Determine y(c).
-3
Let n(j) be the second derivative of 2*j**2 - 7/6*j**3 + 1/12*j**4 + 0 + 3*j. Let l be 2 + 16/(-12)*-3. Calculate n(l).
-2
Let j = 14 - 14. Suppose j = q - 2*q. Let x(o) = q*o + 3 - o + 0*o. Give x(7).
-4
Let n(x) be the second derivative of 1/12*x**4 - x**2 + 10*x - x**3 + 0. Suppose -13 = -3*k + 8. Determine n(k).
5
Suppose 8*m - 954 = -45*m. Let f(r) = -3*r + 32. Calculate f(m).
-22
Let i(x) = 3*x + 43. Let y(m) = -8*m**2 - 41*m - 24. Let s be y(-5). What is i(s)?
-14
Let b(f) = -5*f - 21. Let h be b(-5). Suppose 0 = -w + 5, -3 + 9 = 2*g + h*w. Let v(d) = 7*d + 7. Let m(q) = 3*q + 4. Let n(t) = 5*m(t) - 2*v(t). Give n(g).
-1
Let q(w) be the first derivative of -w**3/3 + 7*w**2/2 + 2*w - 117. What is q(7)?
2
Let m(u) = 0*u + 608 + u - 596. Calculate m(-16).
-4
Let c = 235 + -228. Let n(j) = j**3 - 8*j**2 + 11*j - 6. What is n(c)?
22
Let r(m) = 1 - 3 + 1. Let u(o) = -o**3 + 5*o**2 + 7*o - 10. Let y(l) = -3*r(l) + u(l). Calculate y(6).
-1
Let d(t) = -t**2 - 6*t + 2. Let w(q) = -q**2 + 5*q - 4. Let a be w(3). Suppose -2*h - g - 7 = 0, -h - 16 = -a*g - 0. Give d(h).
2
Let c(s) = -31*s**2 - 3*s + 89. Let t(i) = -9*i**2 - i + 30. Let z(q) = 2*c(q) - 7*t(q). Determine z(-7).
10
Let q(r) = r**2 + r - 2. Suppose 5*z + b + 28 = 0, 5*z + 0*z + 20 = -5*b. Let o be z/(-9)*3/(-2)*2. Calculate q(o).
0
Suppose -f + 3*g + 7 = 0, -2*g = -7*f + 2*f + 9. Let i = -2 - 0. Let o be -4 + (-2 + f)*i. Let h(y) = -2*y - 1. What is h(o)?
3
Let w = -27 + 37. Let g(r) = 7 + 0*r**2 + 5*r + 6 - w - r**3 - 2*r**2. What is g(-3)?
-3
Let f(m) = -m + 7. Let d = -7 + 10. Let w(h) = -h + 6. Let r be (80/30)/(2/(-3)). Let o(q) = d*f(q) + r*w(q). Give o(5).
2
Let w(y) be the second derivative of -1/2*y**2 + 9*y + 0 + 1/6*y**3. Give w(6).
5
Let z(o) = -2*o. Let n = 72 - 75. Calculate z(n).
6
Let x(q) = -4*q**2 + 2*q + 1. Let p(a) = 5*a**2 - 2*a. Let z(i) = -3*p(i) - 4*x(i). Calculate z(-3).
11
Let a(r) = r**3 - 4*r**2 + 7*r - 3. Let v(b) = b**3 - 3*b**2 + 6*b - 3. Let x(g) = 4*a(g) - 5*v(g). What is x(0)?
3
Let f be (2 - 6)*(-5)/4. Suppose 3 + f = j. Let a(n) = -7 - 3*n + 3*n - 2*n + n**2 + j*n. Calculate a(-6).
-7
Let h(l) be the first derivative of -l**4/4 - 2*l**3/3 - 3*l - 65. What is h(-3)?
6
Let w(r) be the second derivative of 1/6*r**3 + 11/12*r**4 + 0 - 24*r + 0*r**2. Calculate w(1).
12
Let a = -2 - 6. Let h(d) = 3*d**2 + 4*d**2 - 6 + 3*d**3 - d**3 - d - d**3 - 8*d. Let i be h(a). Let t(n) = 3*n**2 - 4*n + 3. Determine t(i).
7
Suppose -5*k + 10 = -5*l, -3*k + 4 = -2*l + 2. Let x be (5 + k)*(-4)/(-6). Let g(m) = -m**3 + 2*m**3 - 3 + 3*m**2 + 2*m**x + 2*m. Determine g(-4).
5
Let k(w) = 49*w**3 - 28*w**2 - 13*w - 28. Let y(g) = 11*g**3 - 7*g**2 - 3*g - 7. Let l(i) = 2*k(i) - 9*y(i). Give l(7).
14
Let o = 1 - -2. Let p(l) = -3*l**2 - o + 0*l**3 + 2 + 2*l**3 + 2*l. Suppose 14 = 2*r + 2*a, 0 = 2*r - 5*a + 19 + 2. Determine p(r).
7
Let c(f) = 8*f - 3. Let i(a) = -9*a + 3. Let y(d) = 5*c(d) + 4*i(d). Let k(j) = -3*j - 3. Let v be k(-4). Let s = v - 6. Calculate y(s).
9
Let b(f) = f**2 - 2 + 2*f - 2*f + 1. Let q be b(-1). Let l(r) = 1 + 12 + 2 + 0 + r. Give l(q).
15
Let k(z) = 3*z**2 - 11*z - 8. Let b(t) = -t**2 + t + 1. Let r(d) = -4*b(d) - k(d). Let n be (2 + (-48)/(-6))*3/(-5). What is r(n)?
-2
Suppose -193 = -11*i - 259. Let t(a) = -10*a**2 - 19*a + 24. Let x(c) = -7*c**2 - 13*c + 16. Let n = 4 + 3. Let d(z) = n*x(z) - 5*t(z). What is d(i)?
4
Suppose 5*p = 3*z + 16, 3 - 15 = z - 3*p. Let q(s) = -2236 + 2236 + s. Calculate q(z).
3
Suppose -18 - 52 = 14*b. Let y(w) = -w**3 - 6*w**2 - 6*w - 3. Calculate y(b).
2
Let d(l) be the second derivative of -3*l**3/2 - 5*l**2/2 + 80*l. Calculate d(-2).
13
Let q(t) be the second derivative of -t**5/20 - t**4/4 + t**3/3 + 104*t. Determine q(-4).
8
Let x be ((-8)/(-3))/(1/(-3)). Let l = 12 + x. Let u(p) = p - p + 7 + p - 2. Determine u(l).
9
Let m(j) = -48*j + 727. Let f be m(15). Let s(o) = -5*o + 23. Give s(f).
-12
Let r(f) = 11*f + 13. Let m(b) = 9*b + 11. Let k(w) = 5*m(w) - 4*r(w). Let l(c) = 8*c - 5. Let v be l(4). Let o be v/(-6) - 2/(-4). Calculate k(o).
-1
Let n be (0 - -5)*(1 - 0). Suppose z + 4*z + n = 0. Let v(d) be the third derivative of -2*d**5/15 + d**4/24 + d**3/6 + 62*d**2. Give v(z).
-8
Suppose 3*w = 2*c - 21, -7*c + 5*c - 2*w = 4. Suppose c*k = -g + 12, g = k + 3 + 1. Suppose 4*a + g = -6. Let j(m) = 5*m + 4. Calculate j(a).
-11
Let q(x) = 2*x**2 + 5*x - 1. Let z(o) = -5*o**2 - 5*o + 6. Let t(c) = 2*q(c) + z(c). Suppose a = 2*a - 5. Determine t(a).
4
Let b(n) be the third derivative of n**6/120 - 7*n**5/60 - 7*n**4/24 - n**3/2 + n**2. Suppose 513*k - 494*k = 152. What is b(k)?
5
Suppose -4*w = 22 - 2, -l - 2*w = -209. Let u(k) = 6*k - l - 9*k + 214 + k**3 + 5*k**2. Let n be ((-5)/(-2))/(2/(-4)). What is u(n)?
10
Let a(u) = u**2 + 9*u + 3. Suppose -15 + 7 = -t. Let x = t + -17. What is a(x)?
3
Let p(x) be the first derivative of -2*x**3/3 - x**2 - x + 198. Determine p(2).
-13
Let v(d) = 2 + 3*d**3 - 5*d**3 + 3*d**3 + 5*d**2 - 6*d. Let a be 2/(5 - (125/15 + -3)). Calculate v(a).
2
Let c be 6 - 3/((-12)/(-16)). Let j(m) = -3*m + 13 - 2*m**2 - 14 + 0*m**2 + m**c + m**3. Calculate j(3).
8
Let v(s) be the first derivative of -s**5/20 - s**4/3 - s**3/6 - 3*s**2/2 - 4*s - 3. Let w(k) be the first derivative of v(k). Give w(-3).
-9
Let o(r) = -r**3 - 3*r**2 + 3*r + 3. Let x = 119 - 135. Let h be (3/((-12)/x))/(-2) - 2. What is o(h)?
7
Let s(g) = -3*g - 1. Let q(i) = 3*i**2 + 4*i + 1. Let l(b) = -q(b) - 2*s(b). What is l(2)?
-7
Let n(a) = -a**2 + a - 1. Let y(g) = 5*g**2 - 10*g + 14. Let m(z) = 4*n(z) + y(z). Calculate m(7).
17
Let f be (-1)/9 + 1456/144. Let a(g) = g - 4. Calculate a(f).
6
Let u(h) = 2*h - 2 - 4*h**2 + 8*h**2 + 1. Let m be (1 + 3)*15/12. Suppose 2*c = 4*a - 10 + 4, m*c + 3 = -2*a. Calculate u(a).
5
Let d(i) be the second derivative of -i**5/20 - 5*i**4/6 - 3*i**3/2 - 3*i**2/2 - 6*i. Let u = -91 - -82. Determine d(u).
-3
Let t(k) = -4 + 65*k - 106*k + 57*k - k**2 + 3. Calculate t(16).
-1
Suppose -1 - 3 = n, 2*t - 2*n = -2. Let i(r) be the first derivative of r**4/4 + 4*r**3/3 - 3*r**2 - 3*r + 38. What is i(t)?
2
Let b(l) be the second derivative of l**5/20 + 5*l**4/12 - 2*l**3/3 + 7*l**2/2 + 64*l. Give b(-6).
-5
Suppose 3*q = 3*g + 2*g + 4, -3*g = -3. Let c(k) = -4*k**2 + k**2 + 91 - 95 + k**2 - k + 3*k**2. Calculate c(q).
2
Suppose 0 = -4*m + 2*m + 16. Let s = 9 - m. Let c be 0 + (-3 - -1) + s. Let i(r) = 10*r**3 - 1. What is i(c)?
-11
Let w(j) = 2*j - 24*j**3 - 7*j**2 + 6*j - 23*j**3 + 71*j**3 - 4 - 25*j**3. Determine w(-8).
-4
Let i(d) = -12*d + 111 - d**2 - 113 + 9*d. Calculate i(-4).
-6
Suppose -7*u + 3*u + 4 = 0. Let y be (24/36)/(2/9). Let f(g) = 5*g + 3. Let w(n) = 9*n + 5. Let c(z) = y*w(z) - 5*f(z). What is c(u)?
2
Let v(i) = i**3 - 7*i**